[INFO] cloning repository https://github.com/Corb3nik/pixoo-cli
[INFO] running `Command { std: "git" "-c" "credential.helper=" "-c" "credential.helper=/workspace/cargo-home/bin/git-credential-null" "clone" "--bare" "https://github.com/Corb3nik/pixoo-cli" "/workspace/cache/git-repos/https%3A%2F%2Fgithub.com%2FCorb3nik%2Fpixoo-cli", kill_on_drop: false }`
[INFO] [stderr] Cloning into bare repository '/workspace/cache/git-repos/https%3A%2F%2Fgithub.com%2FCorb3nik%2Fpixoo-cli'...
[INFO] running `Command { std: "git" "rev-parse" "HEAD", kill_on_drop: false }`
[INFO] [stdout] a34eb77f51f402b1d21578e8d6066c9b5150868e
[INFO] checking Corb3nik/pixoo-cli against master#9610dfe5a9a731ced1ea4923ecbd0c57fe367898 for beta-170-4
[INFO] running `Command { std: "git" "clone" "/workspace/cache/git-repos/https%3A%2F%2Fgithub.com%2FCorb3nik%2Fpixoo-cli" "/workspace/builds/worker-1-tc1/source", kill_on_drop: false }`
[INFO] [stderr] Cloning into '/workspace/builds/worker-1-tc1/source'...
[INFO] [stderr] done.
[INFO] validating manifest of git repo https://github.com/Corb3nik/pixoo-cli on toolchain 9610dfe5a9a731ced1ea4923ecbd0c57fe367898
[INFO] running `Command { std: CARGO_HOME="/workspace/cargo-home" RUSTUP_HOME="/workspace/rustup-home" "/workspace/cargo-home/bin/cargo" "+9610dfe5a9a731ced1ea4923ecbd0c57fe367898" "metadata" "--manifest-path" "Cargo.toml" "--no-deps", kill_on_drop: false }`
[INFO] started tweaking git repo https://github.com/Corb3nik/pixoo-cli
[INFO] finished tweaking git repo https://github.com/Corb3nik/pixoo-cli
[INFO] tweaked toml for git repo https://github.com/Corb3nik/pixoo-cli written to /workspace/builds/worker-1-tc1/source/Cargo.toml
[INFO] crate git repo https://github.com/Corb3nik/pixoo-cli already has a lockfile, it will not be regenerated
[INFO] running `Command { std: CARGO_HOME="/workspace/cargo-home" RUSTUP_HOME="/workspace/rustup-home" "/workspace/cargo-home/bin/cargo" "+9610dfe5a9a731ced1ea4923ecbd0c57fe367898" "fetch" "--manifest-path" "Cargo.toml", kill_on_drop: false }`
[INFO] running `Command { std: "docker" "create" "-v" "/var/lib/crater-agent-workspace/builds/worker-1-tc1/target:/opt/rustwide/target:rw,Z" "-v" "/var/lib/crater-agent-workspace/builds/worker-1-tc1/source:/opt/rustwide/workdir:ro,Z" "-v" "/var/lib/crater-agent-workspace/cargo-home:/opt/rustwide/cargo-home:ro,Z" "-v" "/var/lib/crater-agent-workspace/rustup-home:/opt/rustwide/rustup-home:ro,Z" "-e" "SOURCE_DIR=/opt/rustwide/workdir" "-e" "CARGO_TARGET_DIR=/opt/rustwide/target" "-e" "CARGO_HOME=/opt/rustwide/cargo-home" "-e" "RUSTUP_HOME=/opt/rustwide/rustup-home" "-w" "/opt/rustwide/workdir" "-m" "1610612736" "--user" "0:0" "--network" "none" "ghcr.io/rust-lang/crates-build-env/linux@sha256:5ff2268d62e97bff2cde7d5815dd6ed5b47097566f13b8d0ca110b04b60e07ed" "/opt/rustwide/cargo-home/bin/cargo" "+9610dfe5a9a731ced1ea4923ecbd0c57fe367898" "metadata" "--no-deps" "--format-version=1", kill_on_drop: false }`
[INFO] [stdout] 0b6a64d3b753f68ca8f0bb03a4e104372e3cc4c601160c5e6e56b4566926b4ca
[INFO] running `Command { std: "docker" "start" "-a" "0b6a64d3b753f68ca8f0bb03a4e104372e3cc4c601160c5e6e56b4566926b4ca", kill_on_drop: false }`
[INFO] running `Command { std: "docker" "inspect" "0b6a64d3b753f68ca8f0bb03a4e104372e3cc4c601160c5e6e56b4566926b4ca", kill_on_drop: false }`
[INFO] running `Command { std: "docker" "rm" "-f" "0b6a64d3b753f68ca8f0bb03a4e104372e3cc4c601160c5e6e56b4566926b4ca", kill_on_drop: false }`
[INFO] [stdout] 0b6a64d3b753f68ca8f0bb03a4e104372e3cc4c601160c5e6e56b4566926b4ca
[INFO] running `Command { std: "docker" "create" "-v" "/var/lib/crater-agent-workspace/builds/worker-1-tc1/target:/opt/rustwide/target:rw,Z" "-v" "/var/lib/crater-agent-workspace/builds/worker-1-tc1/source:/opt/rustwide/workdir:ro,Z" "-v" "/var/lib/crater-agent-workspace/cargo-home:/opt/rustwide/cargo-home:ro,Z" "-v" "/var/lib/crater-agent-workspace/rustup-home:/opt/rustwide/rustup-home:ro,Z" "-e" "SOURCE_DIR=/opt/rustwide/workdir" "-e" "CARGO_TARGET_DIR=/opt/rustwide/target" "-e" "CARGO_INCREMENTAL=0" "-e" "RUST_BACKTRACE=full" "-e" "RUSTFLAGS=--cap-lints=forbid" "-e" "RUSTDOCFLAGS=--cap-lints=forbid" "-e" "CARGO_HOME=/opt/rustwide/cargo-home" "-e" "RUSTUP_HOME=/opt/rustwide/rustup-home" "-w" "/opt/rustwide/workdir" "-m" "1610612736" "--user" "0:0" "--network" "none" "ghcr.io/rust-lang/crates-build-env/linux@sha256:5ff2268d62e97bff2cde7d5815dd6ed5b47097566f13b8d0ca110b04b60e07ed" "/opt/rustwide/cargo-home/bin/cargo" "+9610dfe5a9a731ced1ea4923ecbd0c57fe367898" "check" "--frozen" "--all" "--all-targets" "--message-format=json", kill_on_drop: false }`
[INFO] [stdout] 9d11a5bab2834b889934803580f096f72ee19f7b6fda2267cce17dae36382299
[INFO] running `Command { std: "docker" "start" "-a" "9d11a5bab2834b889934803580f096f72ee19f7b6fda2267cce17dae36382299", kill_on_drop: false }`
[INFO] [stderr]    Compiling libc v0.2.111
[INFO] [stderr]    Compiling proc-macro2 v1.0.33
[INFO] [stderr]    Compiling syn v1.0.82
[INFO] [stderr]    Compiling nix v0.16.1
[INFO] [stderr]    Compiling anyhow v1.0.51
[INFO] [stderr]    Compiling libudev-sys v0.1.4
[INFO] [stderr]    Compiling quote v1.0.10
[INFO] [stderr]     Checking libudev v0.2.0
[INFO] [stderr]    Compiling thiserror-impl v1.0.30
[INFO] [stderr]     Checking thiserror v1.0.30
[INFO] [stderr]     Checking serialport v4.0.1
[INFO] [stderr]     Checking pixoo_cli v0.1.0 (/opt/rustwide/workdir)
[INFO] [stdout] error[E0432]: unresolved import `lazy_static`
[INFO] [stdout]  --> src/utils/image/character_definitions.rs:1:5
[INFO] [stdout]   |
[INFO] [stdout] 1 | use lazy_static::lazy_static;
[INFO] [stdout]   |     ^^^^^^^^^^^ use of undeclared crate or module `lazy_static`
[INFO] [stdout] 
[INFO] [stdout] 
[INFO] [stdout] error[E0432]: unresolved import `lazy_static`
[INFO] [stdout]  --> src/utils/image/character_definitions.rs:1:5
[INFO] [stdout]   |
[INFO] [stdout] 1 | use lazy_static::lazy_static;
[INFO] [stdout]   |     ^^^^^^^^^^^ use of undeclared crate or module `lazy_static`
[INFO] [stdout] 
[INFO] [stdout] 
[INFO] [stdout] error[E0432]: unresolved import `super::character_definitions::CHARACTERS`
[INFO] [stdout]  --> src/utils/image/str_ext.rs:1:5
[INFO] [stdout]   |
[INFO] [stdout] 1 | use super::character_definitions::CHARACTERS;
[INFO] [stdout]   |     ^^^^^^^^^^^^^^^^^^^^^^^^^^^^^^^^^^^^^^^^ no `CHARACTERS` in `utils::image::character_definitions`
[INFO] [stdout] 
[INFO] [stdout] 
[INFO] [stdout] error: cannot determine resolution for the macro `lazy_static`
[INFO] [stdout]  --> src/utils/image/character_definitions.rs:6:1
[INFO] [stdout]   |
[INFO] [stdout] 6 | lazy_static! {
[INFO] [stdout]   | ^^^^^^^^^^^
[INFO] [stdout]   |
[INFO] [stdout]   = note: import resolution is stuck, try simplifying macro imports
[INFO] [stdout] 
[INFO] [stdout] 
[INFO] [stdout] error[E0432]: unresolved import `super::character_definitions::CHARACTERS`
[INFO] [stdout]  --> src/utils/image/str_ext.rs:1:5
[INFO] [stdout]   |
[INFO] [stdout] 1 | use super::character_definitions::CHARACTERS;
[INFO] [stdout]   |     ^^^^^^^^^^^^^^^^^^^^^^^^^^^^^^^^^^^^^^^^ no `CHARACTERS` in `utils::image::character_definitions`
[INFO] [stdout] 
[INFO] [stdout] 
[INFO] [stdout] error: cannot determine resolution for the macro `lazy_static`
[INFO] [stdout]  --> src/utils/image/character_definitions.rs:6:1
[INFO] [stdout]   |
[INFO] [stdout] 6 | lazy_static! {
[INFO] [stdout]   | ^^^^^^^^^^^
[INFO] [stdout]   |
[INFO] [stdout]   = note: import resolution is stuck, try simplifying macro imports
[INFO] [stdout] 
[INFO] [stdout] 
[INFO] [stdout] warning: unused import: `character::*`
[INFO] [stdout]  --> src/utils/image/mod.rs:2:5
[INFO] [stdout]   |
[INFO] [stdout] 2 | use character::*;
[INFO] [stdout]   |     ^^^^^^^^^^^^
[INFO] [stdout]   |
[INFO] [stdout]   = note: `#[warn(unused_imports)]` on by default
[INFO] [stdout] 
[INFO] [stdout] 
[INFO] [stdout] warning: unused import: `character::*`
[INFO] [stdout]  --> src/utils/image/mod.rs:2:5
[INFO] [stdout]   |
[INFO] [stdout] 2 | use character::*;
[INFO] [stdout]   |     ^^^^^^^^^^^^
[INFO] [stdout]   |
[INFO] [stdout]   = note: `#[warn(unused_imports)]` on by default
[INFO] [stdout] 
[INFO] [stdout] 
[INFO] [stdout] warning: unused import: `character_definitions::*`
[INFO] [stdout]  --> src/utils/image/mod.rs:3:5
[INFO] [stdout]   |
[INFO] [stdout] 3 | use character_definitions::*;
[INFO] [stdout]   |     ^^^^^^^^^^^^^^^^^^^^^^^^
[INFO] [stdout] 
[INFO] [stdout] 
[INFO] [stdout] warning: unused import: `std::collections::HashMap`
[INFO] [stdout]  --> src/utils/image/character_definitions.rs:2:5
[INFO] [stdout]   |
[INFO] [stdout] 2 | use std::collections::HashMap;
[INFO] [stdout]   |     ^^^^^^^^^^^^^^^^^^^^^^^^^
[INFO] [stdout] 
[INFO] [stdout] 
[INFO] [stdout] warning: unused import: `character_definitions::*`
[INFO] [stdout]  --> src/utils/image/mod.rs:3:5
[INFO] [stdout]   |
[INFO] [stdout] 3 | use character_definitions::*;
[INFO] [stdout]   |     ^^^^^^^^^^^^^^^^^^^^^^^^
[INFO] [stdout] 
[INFO] [stdout] 
[INFO] [stdout] warning: unused import: `super::character::Character`
[INFO] [stdout]  --> src/utils/image/character_definitions.rs:4:5
[INFO] [stdout]   |
[INFO] [stdout] 4 | use super::character::Character;
[INFO] [stdout]   |     ^^^^^^^^^^^^^^^^^^^^^^^^^^^
[INFO] [stdout] 
[INFO] [stdout] 
[INFO] [stdout] warning: unused import: `std::collections::HashMap`
[INFO] [stdout]  --> src/utils/image/character_definitions.rs:2:5
[INFO] [stdout]   |
[INFO] [stdout] 2 | use std::collections::HashMap;
[INFO] [stdout]   |     ^^^^^^^^^^^^^^^^^^^^^^^^^
[INFO] [stdout] 
[INFO] [stdout] 
[INFO] [stdout] warning: unused import: `super::character::Character`
[INFO] [stdout]  --> src/utils/image/character_definitions.rs:4:5
[INFO] [stdout]   |
[INFO] [stdout] 4 | use super::character::Character;
[INFO] [stdout]   |     ^^^^^^^^^^^^^^^^^^^^^^^^^^^
[INFO] [stdout] 
[INFO] [stdout] 
[INFO] [stdout] error: aborting due to 3 previous errors; 4 warnings emitted
[INFO] [stdout] 
[INFO] [stdout] 
[INFO] [stdout] For more information about this error, try `rustc --explain E0432`.
[INFO] [stdout] 
[INFO] [stdout] error: aborting due to 3 previous errors; 4 warnings emitted
[INFO] [stdout] 
[INFO] [stdout] 
[INFO] [stdout] For more information about this error, try `rustc --explain E0432`.
[INFO] [stdout] 
[INFO] [stderr] error: could not compile `pixoo_cli` (lib test) due to 4 previous errors; 4 warnings emitted
[INFO] [stderr] warning: build failed, waiting for other jobs to finish...
[INFO] [stderr] error: could not compile `pixoo_cli` (lib) due to 4 previous errors; 4 warnings emitted
[INFO] running `Command { std: "docker" "inspect" "9d11a5bab2834b889934803580f096f72ee19f7b6fda2267cce17dae36382299", kill_on_drop: false }`
[INFO] running `Command { std: "docker" "rm" "-f" "9d11a5bab2834b889934803580f096f72ee19f7b6fda2267cce17dae36382299", kill_on_drop: false }`
[INFO] [stdout] 9d11a5bab2834b889934803580f096f72ee19f7b6fda2267cce17dae36382299
